 common divisor of m and d.
17
Let p be -1*(-3)/15 - (-118)/10. Suppose 5*d + p = 22. What is the greatest common divisor of 6 and d?
2
Let w(v) = v**3 - v**2 - 4*v + 1. Let b be w(3). Calculate the highest common divisor of 42 and b.
7
Suppose 0 = 8*a + a - 837. What is the highest common divisor of 713 and a?
31
Suppose 5*g - o - 4*o = 215, 203 = 5*g + o. Let l = g + 15. Let j = -9 - -17. What is the greatest common factor of j and l?
8
Let z be 1 + -3 - (271 + -3). Let n = -50 + -52. Let p = n - z. What is the greatest common divisor of 21 and p?
21
Let q be 86/2*(-5 + 4). Let m = -33 - q. What is the greatest common factor of 130 and m?
10
Let j be 6 - (0 - (381 + -2)). What is the greatest common factor of j and 175?
35
Let y(p) = p**3 - 10*p**2 - 11*p. Let d be y(13). What is the highest common factor of d and 260?
52
Let b = 13 - 10. Let s be 0 - (48/(-4))/b. Suppose s*d = 48 + 48. Calculate the highest common factor of 60 and d.
12
Let b = 7 + 27. Suppose 37*k = b*k + 255. What is the greatest common factor of k and 5?
5
Let r = 79 + -39. Suppose -1400 = 92*c - 99*c. Calculate the greatest common divisor of c and r.
40
Let l(c) = -2*c + 35. Let r be l(4). Calculate the greatest common divisor of 243 and r.
27
Let j(o) = o**2 - 2*o - 8. Let n = -17 - -9. Let h be j(n). Suppose 45 = 5*l - f, 2*l = 5*l - 2*f - 34. What is the greatest common factor of h and l?
8
Let i = 1402 + -1042. What is the greatest common factor of 216 and i?
72
Suppose 2*v - 15 = -3*f, -v - 1 + 3 = -4*f. Suppose -5*b + 26 = v. Suppose 0 = -7*r + b*r + 33. What is the highest common factor of r and 33?
11
Suppose 10*z = 4*p + 5*z + 2, 0 = -4*p - z + 10. Suppose 5*f = -p*c + 1, 2*c + 2*c = -2*f + 26. What is the greatest common divisor of 16 and c?
8
Let a be (-21)/3 + 0 + 1. Let v be (-1 + -2)*(a - -5). Suppose -3*l + 12 = v*l. What is the greatest common factor of 6 and l?
2
Suppose 11*o = -4*o + 1260. Calculate the highest common factor of o and 12.
12
Suppose 1185 = 26*n - 1935. What is the greatest common factor of n and 288?
24
Let l = -25 - -29. Suppose -2*o - d - 55 = -4*o, -l*o - 3*d = -85. What is the greatest common divisor of o and 225?
25
Suppose 4*u - x + 3625 = 11856, -5*u + 10292 = 2*x. Calculate the greatest common divisor of 49 and u.
49
Let l = 8 - 5. Let w(p) = 2*p - 3 + l + p**3 + 2 - 4*p**2 + 2. Let i be w(4). What is the greatest common divisor of i and 30?
6
Suppose -140 = -2*b + 5*q, -5*b + 11*q + 327 = 10*q. What is the highest common factor of b and 2080?
65
Let s be ((-1048)/(-10) - 3/(-15)) + -3. Suppose 0 = 2*o - 3*p - 312, 3*o + 2*p = -p + 453. Calculate the highest common factor of s and o.
51
Let y be 30/((-72)/30*(-1)/8). Let x = y + -97. Calculate the highest common divisor of 24 and x.
3
Suppose 0 = k - 0*a + 4*a - 44, -2*k + 101 = -5*a. What is the highest common factor of k and 24?
24
Let n(m) = -m**3 + m**3 - 5*m**2 + 1 + m + m**3 + 1. Let c be n(5). Let b = 106 - 85. Calculate the greatest common divisor of c and b.
7
Suppose -4*u + 33 = a, -146 = -4*a + 3*u - 14. Calculate the greatest common divisor of 55 and a.
11
Suppose 10*v - 114 = 56. What is the highest common factor of 119 and v?
17
Suppose 3 = -n + 17. Let p be (-4)/n - 1408/(-77). Let v be (18/(-7))/((-6)/84). What is the greatest common factor of p and v?
18
Suppose 3*v - 17 = -8. What is the greatest common divisor of 54 and v?
3
Suppose -35*v = -39*v + 520. What is the greatest common factor of v and 10?
10
Let o be 0 - (0 + -8 + -802). Calculate the highest common divisor of o and 90.
90
Let o be (1*-65 - -2)/(-1). Let w be 3408/192 - 1/(-4). Calculate the highest common divisor of o and w.
9
Let o be 10*(301/35 + -5). Let f = 11 + -7. What is the highest common factor of o and f?
4
Suppose 0 = -3*j - 3*d + 7184 - 2144, 5*j + 2*d - 8415 = 0. Calculate the greatest common divisor of j and 5.
5
Let h(n) = 3*n**3 - 3*n**2 + 3*n. Let p be h(2). Let k be (-108)/(-3)*6/8. What is the greatest common divisor of k and p?
9
Let y(g) = -g**3 + 4*g**2 + 11*g - 11. Let d be y(5). Calculate the highest common factor of d and 399.
19
Let x be -16 + (-1)/(2/4). Let w = -12 - x. Let d be ((-75)/(-5)*3)/(36/24). Calculate the highest common divisor of d and w.
6
Suppose -18 = 6*b + b - 9*b. Let h be (-6)/27 + (-11)/(-9). Let u be 13*7 - (2 - h). Calculate the greatest common factor of u and b.
9
Let s be -2 - (-53 + (5 - -4)). What is the greatest common divisor of 1722 and s?
42
Let r = -103 + 115. Let n be -1 + 25 + (r - 15). Calculate the greatest common divisor of n and 189.
21
Let f = 76 + -109. Let z = 61 + f. What is the highest common divisor of z and 21?
7
Let c = 34 + -29. Let v(j) = -j**2 - 8*j + 12. Let r be v(-9). Let m be c/(5/9) + r. What is the greatest common factor of m and 3?
3
Let s(c) = c**2 - 15*c - 33. Let j be s(17). What is the greatest common divisor of j and 25?
1
Let y(l) be the second derivative of l**4 - 2*l**2 - 14*l. Let b be y(-2). What is the highest common factor of 4 and b?
4
Let p = -36 - -68. Let r = -7 + 7. Suppose -m + x + 82 = r, 4*m - 4*x = -5*x + 318. Calculate the highest common divisor of p and m.
16
Suppose 0 = -3*m - 22 + 7. Let a(v) = 4*v + 11. Let k(r) = r + 1. Let s(l) = a(l) - 6*k(l). Let i be s(m). Calculate the highest common factor of 90 and i.
15
Let c(q) = -9*q - 22. Let t be c(-6). Suppose 4*w - t = 44. What is the greatest common divisor of w and 19?
19
Let u = -280 - -484. Calculate the greatest common divisor of 48 and u.
12
Let s(l) = -14*l - 44. Let i(r) = -r**3 + 15*r**2 + 16*r - 14. Let y be i(16). Let a be s(y). What is the greatest common factor of 8 and a?
8
Let t(n) = -n**2 + 13*n - 25. Suppose 0 = -y + 4*z - 3, 2*y - 3*y - 4*z = -37. Let w be t(y). Let s = w + 141. Calculate the highest common factor of 8 and s.
8
Let u = 46 - 191. Let j = -63 - u. What is the greatest common factor of j and 205?
41
Let n = 255 + -183. What is the greatest common divisor of 84 and n?
12
Suppose -6*f - 3*f + 423 = 0. What is the highest common factor of f and 752?
47
Suppose 8*a = 270 + 82. Suppose g - 2*u = 6, u - 8 = -2*g - 1. Calculate the highest common factor of a and g.
4
Let u(w) = -3*w**2 + 2*w + 9. Let n be u(2). What is the highest common divisor of n and 27?
1
Suppose -v = -3*v. Let r = 13 - v. What is the highest common factor of r and 26?
13
Let i be (136/(-6) + 1)*-12. Suppose -11 = -3*b - 2*f, -4*f + 14 = 3*b + f. Suppose b*m - i = -m. What is the highest common divisor of 13 and m?
13
Let o = 54 + -44. Suppose -o = -s - 3*j, 3*j - 2 = 2*s - 2*j. What is the highest common factor of s and 16?
4
Let g be ((-18)/(-8))/(-5*3/(-1040)). Calculate the greatest common factor of g and 60.
12
Let k(a) = 3*a - 11. Suppose 4 = 4*x - 16. Let h be k(x). What is the greatest common divisor of h and 4?
4
Let s = 30 + -5. Let r = 52 - s. Suppose 2*x - r = -i - 9, -4*i = -x - 117. What is the greatest common factor of 308 and i?
28
Suppose 0 = -3*v + 8*z - 4*z - 78, 100 = -4*v + 4*z. Let y be (2759/11 - -2) + (-4)/v. What is the highest common factor of y and 23?
23
Suppose -f - f + 4 = 0. Let t(s) = 2 + 6*s**2 + 37*s + 3*s**f + s**3 - 30*s. Let b be t(-8). Calculate the highest common factor of b and 4.
2
Let d(b) = 68*b**2 + 16*b - 13. Let h be d(1). Calculate the greatest common divisor of 355 and h.
71
Let d(v) = -v**3 + 18*v**2 + 3. Let k be d(18). Let j be -3 + (-472)/(-12) + k/(-9). What is the greatest common divisor of 24 and j?
12
Let r be (-1 - 0)/(25/(-9350)). What is the highest common divisor of 34 and r?
34
Let g = -147 - -161. Calculate the highest common factor of 49 and g.
7
Let r = 20 - -28. Let w = r + -11. Suppose b + 4 - w = 4*x, 0 = -2*x - 8. Calculate the highest common factor of 17 and b.
17
Suppose -2*y + 29 + 124 = 3*s, -y + 3*s + 54 = 0. What is the highest common divisor of y and 12?
3
Let l(a) = a**3 + 13*a**2 + 13*a + 11. Let w be l(-12). Let i = w + 14. Calculate the greatest common divisor of 13 and i.
13
Let p(y) = 922*y - 21. Let g be p(1). What is the highest common factor of g and 17?
17
Let x(y) = 24*y**3 - 2*y**2 + y + 1. Let l be x(1). Calculate the highest common divisor of l and 8.
8
Let g = -527 + 551. Calculate the highest common factor of g and 102.
6
Let z = -441 - -516. Let t = 14